Evaluate (-14 + 35 - 2) + -19.
0
Calculate (35 - 11) + 65 + -74.
15
24 + -1 + -38 - 5 - (-7 + 1)
-14
What is the value of -3 - (8 + -31 - (-2 - (4 - 2)))?
16
What is -42 + (46 - -1) + 0 + -29?
-24
What is the value of 1 - -4 - 7 - (-38 + 44)?
-8
Calculate (-16 - -4 - (-3 + -11)) + 16.
18
Calculate (-17 - -7) + -4 + -7 + 0 + 3.
-18
Evaluate 9 + (-2 - 16 - -1) - 5.
-13
Evaluate (4 - 7) + 10 - (5 + -4) - 15.
-9
What is (14 - -5) + -6 - -4?
17
What is the value of (0 - 11 - (-3 + -18)) + -33 + -3?
-26
What is the value of 53 + -18 + -9 - 20?
6
What is the value of (-16 - -2) + 3 + 9 + 0 + -11?
-13
What is -7 + -35 + 21 + -12 - -12?
-21
Calculate -5 - 11 - -14 - (6 + 0).
-8
28 - 12 - (-60 + 99)
-23
2 + -1 + 2 - (9 - 0 - 12)
6
Calculate (-6 + -15 - -9) + 12.
0
What is the value of -13 - (-1 + -25 + -146 + 156)?
3
What is the value of 17 - 13 - 37 - -54?
21
What is the value of 21 + 0 - (2 - -1)?
18
13 + (-26 - (-17 - -10))
-6
What is the value of (0 + -3 - (-112 + 105)) + -39?
-35
Calculate (-1 - 7) + 17 - (0 + 8 + -6).
7
What is (-27 + 21 - -34) + -34?
-6
What is 13 - (18 - 9 - -2)?
2
What is -24 + (14 - 1) + -6 - (1 + 5)?
-23
40 - 29 - (-1 + 7) - -12
17
Calculate (-1 - 0) + (-27 + 65 - 36).
1
What is -4 + (-6 - 2) - -18?
6
What is the value of (-62 + 28 - -25) + (1 + 0 - -3)?
-5
What is -3 + -10 - (-150 + 127)?
10
What is -3 + -11 + 47 + -65?
-32
18 + -13 + -6 + -1
-2
0 + (-7 - -4) + 9 + -10 + -14
-18
Calculate -5 + -3 + (2 - -3 - (20 - 18)).
-5
What is the value of 3 + -5 - (-1 - -5) - (-245 + 230)?
9
Evaluate (-2 - -17) + 36 + -47.
4
Calculate -4 + 26 + -42 + 3.
-17
4 + (18 - (-2 - -12)) - 26
-14
Calculate 53 + -46 + -3 - (5 - 1 - 2).
2
What is (3 - 22) + 24 + (-13 - -1) - -7?
0
What is -2 - 21 - (-1607 + 1575)?
9
What is the value of 26 - (1 - -14 - 5)?
16
Evaluate -11 + 24 - (17 + -15).
11
10 + -11 + (-7 - (-2 + -5 + 9))
-10
What is the value of 4 - 1 - (-253 + 295)?
-39
Calculate (5 - -3) + -13 + 15 - 41.
-31
Evaluate -29 + (38 - 9) - 26.
-26
-1 + 10 + -12 + 4 + 9
10
Calculate 13 - (11 + (10 - 11) + 3).
0
Evaluate 7 - ((-11 - -19) + 7).
-8
Calculate -2 + 2 + -2 - -6 - (170 - 166).
0
Evaluate -28 + (23 - -1) + -6.
-10
What is the value of 21 + -38 + 27 + (3 - 3) + -15?
-5
What is the value of 5 + -15 + -4 + (14 - 4) + -6?
-10
Evaluate 6 + -12 + 14 + -5.
3
Evaluate (-18 - -9 - -10) + 11.
12
Evaluate (47 - 8) + (21 - 29).
31
What is the value of (-11 - (-3 + -9)) + -11?
-10
Evaluate 44 + -62 - (0 + -3).
-15
What is (-6 - -6 - (-12 + 2)) + (-77 - -83)?
16
Calculate (-123 - -121) + -6 + 53 + -8.
37
What is the value of -11 - -3 - (-15 - -18 - 4)?
-7
Calculate (-7 - (-1 - 5)) + (-32 - -43).
10
What is 2 + 18 + (-384 - -355)?
-9
Calculate -14 + 4 + 13 + -1.
2
(2 - -3 - -2) + (0 - (-1 + 4))
4
Evaluate (0 - -9) + -23 + 23.
9
-22 + (14 - (-13 - -6))
-1
Evaluate -3 + -1 + 12 + (-34 - -37).
11
What is (-8 + 8 + -2 - -19) + -6?
11
What is the value of 10 - 3 - (-116 + 133) - -24?
14
What is (-40 - -39 - (1 + 4) - -20) + -3?
11
-67 + 47 + (7 - -11) + -6
-8
What is -7 - ((11 - (0 - -2)) + -6 + 2)?
-12
24 + 12 - 28 - 35
-27
What is (-38 - (-18 - -1)) + 8?
-13
What is the value of -3 + (11 - (30 + -9)) - -36?
23
Calculate -5 + (-10 - -6) + -2 - -8.
-3
41 - 33 - (-6 - -13)
1
-28 - (-20 + 7) - (-1 - 2)
-12
Calculate (-9 - (4 + -9)) + (-1 - 0 - -6).
1
What is the value of 13 + 3 + -2 - 1 - (-7 - -6)?
14
What is -1 - 8 - -7 - -8?
6
Calculate 3 + 23 + 5 + -26 + 11.
16
Evaluate 12 + 10 + -21 - 12.
-11
What is 0 + 0 + 1795 + -1827?
-32
6 + 2 + (19 - (-17 + 8 + 1))
35
Calculate -32 + 37 + -10 - -9.
4
Calculate 18 + -10 + (-6 - 8).
-6
Calculate 207 + -218 - (1 + -3 + -2).
-7
Calculate (-16 + 26 - (-4 - -3)) + 1.
12
Evaluate 14 - 9 - 13 - 0.
-8
Evaluate -9 - (-17 + 0) - 5.
3
What is the value of -15 + (1 + 2 - (-6 - -9))?
-15
Evaluate (-3 - -23) + -3 - (-339 + 349).
7
What is 4 + -1 - (9 + -20 + 7) - -7?
14
Evaluate 28 - (-10 + 1 - (-18 - 0)).
19
Evaluate 23 - (0 + 7 - (26 + -33)).
9
Evaluate 13 - (17 - (5 + 14)).
15
(20 - (131 - 93)) + (21 - -1)
4
Evaluate 352 + -334 - (-2 - -46).
-26
What is the value of (1 - -8 - (7 - (12 - 23))) + 29?
20
What is (-4 - 3) + 0 + -6?
-13
What is (15 - 20) + 2 - 8?
-11
Calculate (112 - 153) + (33 - 6).
-14
Evaluate (53 - -1 - 50) + -2 + -1 + -23.
-22
Calculate -18 + 3 + (25 - -3).
13
What is 4 - (-4 + 6) - (-13 + 18 + -4)?
1
-287 - -302 - (0 - -4)
11
What is 1 + 1 - (-711 + 709)?
4
Evaluate -1 - (-6 + 7 - (23 - 9)).
12
What is 5 + (-8 - (-7 + 7)) - (-6 - -2)?
1
What is the value of 0 + 1 - (30 - (13 - 6) - 4)?
-18
Calculate 18 + (3 - 11) - -3.
13
4 + -2 + 133 + -166
-31
What is the value of (-7 - 2 - 6) + -2 + 2 + -3?
-18
Evaluate -2 - (-17 + (-9 + -6 - -34)).
-4
What is 4 - (-6 + 5) - -3 - (104 + -64)?
-32
What is -5 - (-12 - 3 - -6)?
4
Calculate (9 - -5) + -17 - -4.
1
Calculate (-26 - 0) + -146 + 161.
-11
-9 + (-12 - -26) + -18
-13
0 - (11 + (-22 - -7))
4
What is the value of -9 + (2 - -2) - (19 + -37 + 22)?
-9
What is 42 - (17 + 18 - -16)?
-9
What is the value of 22 + -10 + (-19 - -14)?
7
What is (10 - (29 + -24)) + (18 - 1)?
22
What is the value of -39 - -23 - 10 - -6?
-20
(-5 - (-16 + 5)) + -11
-5
Evaluate (-21 - -14) + 3 + -10.
-14
Calculate 0 + 2 + (-12 - -4) + 3 - 1.
-4
Evaluate -31 - (-4 + 0) - -7.
-20
What is the value of -8 - (25 + -51 + 19 - (1 + 1))?
1
What is the value of -20 - (-74 + 4 - (-2 - 10))?
38
Evaluate 7 + (-1 - 1) - (107 + -106).
4
Calculate 1957 + -1956 + -2 + 2 + 2 + 3.
6
What is 33 - 2 - 21 - (29 + 2)?
-21
What is the value of 63 - 77 - (-16 + -2)?
4
What is the value of -11 - (-3 + -1 - (26 + -24))?
-5
What is 21 + 1 + 17 + (-1 - 26)?
12
What is (0 - 5) + 24 + -4?
15
(4 - 10) + -5 + 3 + 4
-4
What is 2 - 0 - (-36 - -37)?
1
What is (-1 - -4 - -19 - (-9 + 6)) + -5?
20
What is the value of (48 + -37 - 5) + 17?
23
What is the value of (152 - 162) + (10 - 2)?
-2
What is 1 - (-10 - -6 - (11 - 5))?
11
Evaluate -9 - 10 - (15 + -39).
5
Evaluate 23 - (10 + 16 + -4).
1
-6 + (7 + 1 + -3 + 0 - 7)
-8
Calculate 7 - (-1 + 1 - (31 + -32)).
6
Evaluate 2 + 44 - (121 + -104).
29
Calculate 2 - 15 - -16 - (-16 + 19).
0
Evaluate -9 + -3 + -9 + (5 - 4).
-20
What is the value of -5 + (16 - 8) + 8 + 2?
13
Calculate (-15 - (3 - 7)) + 11.
0
Evaluate -2 - 1 - (-7 + 6).
-2
-2 + (17 + 3 - (6 - (-10 - -7)))
9
17 - (17 + -8 + -5)
13
Calculate 4 + (-5 - (-5 - -4)) + 4.
4
(0 - -1) + (4 - 13) - -5 - 0
-3
What is the value of 1087 - 1145 - (-32 + 1)?
-27
What is -2 + (8 - (-15 - -37)) + -10?
-26
What is the value of 3 - (-3 + -7 + 13 + -3)?
3
Evaluate (-5 - (8 + -9 + 1)) + -1 + -27.
-33
Calculate -8 + -2 + 26 + 1 + -12.
5
42 - 2 - 21 - 7
12
What is -17 - (-5 - ((10 - 15) + 6))?
-11
3 - 28 - (14 + -9) - (11 - 8)
-33
Evaluate (-15 - (-6 + 3)) + 3 + 8.
-1
Evaluate -45 + (-15 - -56) + (3 - (2 - 1)).
-2
(-1 - (6 - 8)) + 13 + -3
11
What is the value of 5 - (0 - (-15 - 0))?
-10
What is the value of 21 + (-68 - -27 - -11)?
-9
(-6 - 11 - -14) + (7 - 0)
4
Calculate (32 - 1) + -246 + 199.
-16
What is 5 + -3 + 3 + -3 + -1 + -7?
-6
What is (-2 - -24 - 1) + (-21 - -21) + -6?
15
36 + -27 + 7 - 29
-13
Evaluate -15 + -17 + (20 - -35).
23
What is the value of (15 - 1) + 8 + -21 + -12?
-11
Evaluate 1 - ((7 - -5) + -27 + (-4 - 4)).
24
What is (21 - 40 - -44) + -17?
8
What is 5 + (11 - (2 - (-7 - (-14 + 3))))?
18
Evaluate -1 + 8 - (10 + -7 + 2 + 0).
2
(8 - -56) + -27 - 5
32
What is the value of -5 + (25 - 0 - 49)?
-29
Calculate -3 - (-6 + -9) - (5 - 0).
7
Calculate 68 - 66 - (7 - -1).
-6
What is the value of -2 - (0 + 11 + -18) - 0?
5
-5 + 2 + (13 - -11 - 11 - 7)
3
Evaluate (-25 - -15) + (-2 - -1) + (-6 - 2).
-19
Evaluate 7 + (14 - 8) + -11.
2
Evaluate 5 + (1 - 0) + 28 + -90 + 47.
-9
What is the value of -6 - ((7 - (-5 - -8)) + -8)?
-2
What is (-6 - (-4 + -6)) + 5 + -4?
5
Calculate 13 - (-5 + 1 + (-5 - -17)).
5
What is the value of -17 + (-6 - (-24 - -11))?
-10
Evaluate 3 + (13 - (9 - (1 + 5))) + -8.
5
Calculate (-18 - (-10 - -2)) + (3 - 2) + -9.
-18
What is the value of 1354 - 1352 - (-5 + (1 - 1))?
7
Evaluate -1 + -1 - (5 + (-4 - 3) - 4).
4
What is (-1 - -15) + (425 - 465)?
-26
Calculate 4 + -6 + 6 + -4 + 0.
0
What is the value of -18 + (-12 - (-47 + 27))?
-10
Calculate 15 + 2 + (12 + -18 - -12) + -2.
21
Calculate -25 - -15 - (0 + -11).
1
Evaluate (5 + 11 - 